**4/3 + 13*c**3/2 - 21*c**2. What is the hundreds digit of a(-24)?
2
Let g(v) = 242*v**2 - 32*v + 7. What is the thousands digit of g(5)?
5
Let u = -84 + 100. Suppose 3957 = u*p + 693. What is the hundreds digit of p?
2
Let g = 2284 - 1891. What is the hundreds digit of g?
3
Let x(y) be the third derivative of 29*y**4/24 + 3*y**3/2 + 4*y**2. What is the hundreds digit of x(4)?
1
Let w(z) be the first derivative of 4*z**3/3 - 9*z**2/2 + 2*z + 10. Let v(s) be the first derivative of w(s). What is the units digit of v(5)?
1
Suppose -3 = t, -5*l - t + 2071 = 2*t. What is the units digit of l?
6
What is the hundreds digit of -86*5/(70/(-49))?
3
Let f(t) = 70*t**2 + 6*t - 14. What is the units digit of f(3)?
4
Suppose -3*r = -d - 76 - 135, -5*r = -d - 351. Suppose -3*n + 4*k + r = 0, -3*n + 4*k = -6*n + 86. What is the tens digit of n?
2
Let a(g) = 3*g + 0*g**2 - g**3 + 6*g**2 + 0*g**2 + 1. Let h = -10 + 16. What is the units digit of a(h)?
9
What is the tens digit of 9/18*(-334)/(-1)?
6
Suppose 8*l = 10*l + 2, -4*p - 4*l + 1160 = 0. What is the hundreds digit of p?
2
Let a be (6/4)/(6*7/3276). Suppose a + 25 = n - 2*y, 0 = -5*n + 4*y + 734. What is the units digit of n?
0
Suppose 0 = w + 1 - 4. Let h be -2 + 0 + (w - 4). What is the units digit of h + 0 + (-11)/(-1)?
8
Let f = 2146 + -1463. What is the hundreds digit of f?
6
Let x(p) = -p**2 + 8*p. Let y be x(7). Suppose 0*c = -c + 3*g + y, 71 = 3*c + g. What is the tens digit of c?
2
Let g be ((-81)/18)/(1/2). What is the tens digit of (-552)/36*g/2?
6
Suppose 12*q - 16 = 8*q. Suppose q*j + 3*l - 229 = 19, 5*j - 279 = 4*l. What is the units digit of j?
9
Suppose 0 = -4*h - 5*d + 290, -2*h + 3*d + 135 = 1. Let n be ((-42)/2)/(-3) + -2. Suppose 4*r = -0*m - n*m + h, -2*m + 28 = 3*r. What is the tens digit of m?
1
Suppose 3*f = -2*f - u + 4021, 3 = 3*u. What is the tens digit of f?
0
Suppose 3*w + 2*m = 7*w - 1894, -m - 2363 = -5*w. Suppose 116*v + w = 118*v. What is the hundreds digit of v?
2
Suppose -59*a + 10968 = -47*a. What is the tens digit of a?
1
Let q(z) = z**3 - 8*z**2 - 9*z - 1. Let c be q(9). Let p be c/1*(7 - -6). Let v = 7 - p. What is the tens digit of v?
2
What is the units digit of (-3)/(-3)*(561 + 2)?
3
What is the tens digit of (-12288)/(-60) - 18/(-15)?
0
What is the tens digit of 84175/221 + 4/34?
8
Let u = 102 + -50. What is the tens digit of 9/(3/(-1)) + u?
4
Let y(g) be the first derivative of 7 - 15*g - 3/2*g**2. What is the units digit of y(-13)?
4
Let o(z) = -4*z**3 - 7*z**2 - 4*z - 15. Let l be o(-7). Suppose 9*d - l = 452. What is the hundreds digit of d?
1
Let a(h) = h**3 + h**2 + 13. What is the units digit of a(4)?
3
Let j(x) = 3*x**2 - 4*x - 10. Let m be j(-8). Suppose -5*f + m = -3*f. What is the hundreds digit of f?
1
Suppose -27*g + 38036 = -1033. What is the tens digit of g?
4
Suppose z + 5*s = 23, 0 = -2*z - s + 1. Let u be 6*5/15 + z. What is the tens digit of 13 + u/((-10)/5)?
1
Suppose 0 = 2*f - i + 3*i, -3*f + 3*i + 18 = 0. Let c(l) = l - 6. Let h be c(8). What is the units digit of (f*h)/(-1 - -3)?
3
Suppose 4*y = 2*y + 12. What is the units digit of (63/y)/(12/128)?
2
What is the hundreds digit of 8/(-14) + 8706/21 + -2?
4
Let t(k) = k**2 + 3*k - 14. Let q be t(-6). Suppose j - 4 = 2*d + 57, -q*j = -4*d - 244. What is the tens digit of j?
6
Let g(q) = 31*q + 4. What is the units digit of g(19)?
3
Let m(a) = 291*a. Let o be m(1). Let c = o - 145. Suppose -c = -5*p + 3*h, -2*h = p + 3*h - 46. What is the tens digit of p?
3
Let c = 1010 + -417. Suppose -12*h + 1099 = -c. What is the tens digit of h?
4
Let b(c) = -c**3 + 10*c**2 - 7*c + 7. Let y(l) = -2*l - 14. Let f be y(-10). What is the tens digit of b(f)?
0
Let d(g) = -11*g - 22. Let q be d(-12). Let p = q - 95. What is the units digit of p?
5
Suppose 3699 = 5*x + 4*w, 5*w + 2992 = -x + 5*x. What is the units digit of x?
3
Let b(k) = k**2 + 5*k - 5. Let d be b(1). What is the units digit of (d - 134)*-1 + -4?
9
Let b = 281 + 638. What is the hundreds digit of b?
9
Let q(a) = 12*a + 5. Let z be q(4). Suppose z - 169 = -u. What is the units digit of u?
6
Let g = 14 + -29. Let c(p) = -p**2 - 17*p - 17. Let s be c(g). Let u = 40 - s. What is the units digit of u?
7
Let v = 862 + 72. What is the units digit of v?
4
Let h = -2016 + 2073. What is the units digit of h?
7
Let n = -1034 + 5535. What is the hundreds digit of n?
5
Let b = 15 - 20. Let l = b - -81. What is the tens digit of l?
7
Suppose -4*z = p + p - 458, -493 = -4*z + 5*p. Suppose -5*b + 217 + z = -2*a, 4*b - 5*a = 274. What is the units digit of b?
6
Suppose o - 2*q - 3131 = -698, 0 = -q. What is the tens digit of o?
3
Let n be 8/(2 - 4) - -2. What is the units digit of ((-176)/12)/(n/9)?
6
Let c be 74 + 2/(((-2)/4)/1). What is the tens digit of (4 + c/(-25))/((-6)/(-980))?
9
Let i = 527 - -53. What is the units digit of i?
0
Let r be (-12)/(-45)*6/(-4)*-160. Suppose -r*p + 59*p = -500. What is the tens digit of p?
0
Let n = -1555 - -3776. What is the hundreds digit of n?
2
Let z = 4011 + -2014. What is the units digit of z?
7
Let f = 633 - 360. What is the units digit of f?
3
Let d(q) = -168*q - 20. What is the hundreds digit of d(-2)?
3
Let y(b) = b**3 - 3*b**2 - 14*b + 6. Let m(h) = -2*h**3 + 5*h**2 + 29*h - 12. Let k(d) = -3*m(d) - 7*y(d). What is the tens digit of k(6)?
6
Suppose -w - 3*w = 3624. Let d be (-4)/10 - w/15. Let c = -11 + d. What is the tens digit of c?
4
Suppose -a - 5 + 7 = 0. Let r be (114/18)/(a/(-6)). Let b = r - -21. What is the units digit of b?
2
Let r(p) = -14*p - 3. Let d(n) = n + 6. Let k be d(-8). Let f be r(k). What is the tens digit of 84/30*f/2?
3
What is the units digit of (14208/(-18))/(-5 - (-91)/21)?
4
Suppose 193*m - 186*m = 2779. What is the units digit of m?
7
Let l = 16 - 18. Let j be (12/(-8))/(l/64). Suppose k + k = j. What is the tens digit of k?
2
Suppose 0*k = -2*k + 8. Suppose -2*c + 148 = k*b + 2*c, 0 = -b - 2*c + 33. Suppose -6*z + b = -73. What is the tens digit of z?
1
What is the thousands digit of (-100)/3*(-13266)/268?
1
Suppose 0 = -5*s - 5*r + 1425, 3*s - 7*s + 1134 = 2*r. What is the hundreds digit of s?
2
Suppose 3*a - 3*g + 2133 = 4*a, 10643 = 5*a + 4*g. What is the tens digit of a?
2
Suppose -488*s + 494*s - 2904 = 0. What is the hundreds digit of s?
4
Suppose 3*j - 13 + 49 = 0. Let t = j + 28. What is the units digit of t?
6
Let h = 122 + -17. Suppose -6*l + h = -585. What is the hundreds digit of l?
1
Let u(d) = -d**3 - 12*d**2 - 23*d - 15. Let s be u(-10). Let q(w) = 2*w**2 - 24*w - 30. What is the units digit of q(s)?
0
Suppose 24 = -z - 7*z. What is the units digit of 112 + 1 + (-8 - z)?
8
Let x = -1 - 35. Suppose 26 = -13*d - 0*d. What is the tens digit of 1 + -1 + x/d?
1
Let o = 50 + -50. Suppose o = -h + 5*j + 65, -74 + 21 = -h + j. What is the units digit of h?
0
Let a(k) = -k**2 + 4*k + 2. Let s be a(4). Suppose -q = s*q - 216. Suppose -r = 2*r - q. What is the tens digit of r?
2
Let f(t) = 1 + 25 + 14*t - 2. What is the hundreds digit of f(11)?
1
Let n = 932 + -80. What is the tens digit of n?
5
Let v = 4 + -1. Suppose -y + 35 = -v*n, -5*n + 14 = y - 37. What is the tens digit of 9/(18/(-4)) + y?
3
Let v(j) = 51*j**3 + 2*j**2 + 5*j - 4. Let h(m) = 102*m**3 + 4*m**2 + 11*m - 9. Let i(d) = 4*h(d) - 9*v(d). What is the units digit of i(-1)?
0
Suppose -13*b + 96 = -5*b. Let s = 1 - -11. Let l = b + s. What is the tens digit of l?
2
Suppose 2 + 14 = 4*y. Suppose 0*o + 20 = y*o. What is the units digit of (2*4)/(10/o)?
4
Let v be -1 + -3 + 4 + 0. Let r be v*(-2 - 3/(-2)). Suppose -5*l = 4*c - 90, r*l + 90 = 5*l + c. What is the units digit of l?
8
Let z(s) = -s**3 + 7*s**2 + 2. Let t be z(7). Suppose 7 = 3*a - t. Suppose -a*p = -4*p + 25. What is the tens digit of p?
2
Let w = 67 - -276. What is the units digit of w?
3
Let q(k) = 1131*k**2 - 7*k - 21. What is the thousands digit of q(-2)?
4
Suppose r + 18 = w, -25*r + 24*r - 37 = -2*w. What is the units digit of w?
9
Let c(l) be the second derivative of -20*l**3/3 - 8*l. Let h be c(-1). Suppose -3 = v - h. What is the units digit of v?
7
Let p(v) = 30*v - 31. Suppose -2*s - 4 = -3*o - 6*s, 4*s = 2*o - 36. What is the hundreds digit of p(o)?
2
Let t = 1250 + -705. What is the tens digit of t?
4
Let r(d) = 1000*d + 55. What is the th